*g - 21. What is the units digit of g?
7
Let p(h) = -3*h - 10. Let v be p(-8). What is the tens digit of (v - -8)*(-1 - -2)?
2
Suppose 0 = -3*l - 5*p + 457, 79 + 616 = 5*l - 5*p. What is the units digit of l?
4
Let a be 3 + 6*1/(-2). Suppose -62 = -4*u - 2*t, a = -2*u + 3*t - t + 22. What is the units digit of u?
4
Let y(k) = k**2 + 2*k - 2. Let j be y(-4). Suppose -z + j*z = 50. What is the units digit of 6/(-15) + 24/z?
2
Suppose 3*b + 13 - 55 = 0. Suppose 2*r - b = r. What is the tens digit of r?
1
Let o be (16/(-24))/((-4)/(-6)). Let v(h) = 10*h**2 + 2*h + 1. What is the units digit of v(o)?
9
Suppose 0 = -4*q + 3*d + 11, q - 3 = 3*d + 11. Let u be -4 + -1 + (-2)/q. What is the units digit of -1 + -1 + u + 12?
7
Let s(n) = -70*n**3 - n**2 + 2*n - 1. Let r be s(1). Let a = 98 + r. What is the tens digit of a?
2
Suppose 5*z - 116 = -351. Let u = z + 66. What is the units digit of u?
9
Suppose 2*a - 5*a = 0. Suppose a*p - 2*p = -6. Suppose 2*o - p*z + 0 = -1, -z = -4*o + 23. What is the units digit of o?
7
Suppose 94 = 2*q + 28. What is the tens digit of q?
3
Let m(x) = x + 7. Let l be m(-3). Suppose l*u - 6*u = -26. Suppose 0*p = -4*p + 5*c + 3, -u = -4*p + 3*c. What is the units digit of p?
7
Let l be 2 + -1 + -2 - -9. Let j be 6/l - 5/(-20). Suppose j = -3*o + 19. What is the units digit of o?
6
Let k(t) be the third derivative of -t**4/12 - 5*t**3/3 + t**2. Suppose 0 = 5*d - 20, 3*a - 2*a = -2*d + 1. What is the units digit of k(a)?
4
Let l = -45 + 27. Let c = l - -40. What is the tens digit of c?
2
Let w = -37 + 62. Suppose 4*v = 23 + w. What is the tens digit of v?
1
Let z = -4 - -17. What is the tens digit of z?
1
Let c = -21 + 23. Suppose -2*s - c*s = -132. What is the units digit of s?
3
What is the tens digit of (5 + -5 - (-53 + 0)) + 0?
5
Let k(m) = 2*m - 2. Let w(b) = b**3 - 2*b**2 + 2*b - 2. Let d be w(2). Let q be k(d). Suppose 27 = q*x + x. What is the units digit of x?
9
Suppose 6*i - 5*i - 84 = 0. Suppose -3*p = 2*z + 2*z - 84, -4*z + i = p. What is the tens digit of z?
2
Let i(l) be the second derivative of l**5/20 + l**4/3 - l**3/6 + l**2 - 4*l. What is the units digit of i(-4)?
6
Let o = 27 - 25. Suppose -9 = o*u - 105. What is the units digit of u?
8
Let l = 1 - -4. Suppose -l*h + 1 = -4. What is the units digit of h?
1
Let c(b) be the third derivative of b**5/60 - b**4/8 - b**3/6 + b**2. What is the units digit of c(-2)?
9
Let a(v) = -v + 8. Let q be (-4)/(-10) + 56/10. Let p be a(q). Suppose d = -d + p. What is the units digit of d?
1
Suppose m + 2*l - 2 = -8, m = 4*l + 18. Let f be 3/2 + 1/m. What is the tens digit of -28*(f/1)/(-4)?
1
Suppose 3*b - u = 56, -2*u = -3*b + 5*b - 40. Let i(y) = -y**3 - 10*y**2 - 2*y - 7. Let t be i(-10). Let j = b - t. What is the units digit of j?
6
Let y = 171 + -58. What is the tens digit of y?
1
Let l(k) be the third derivative of -k**5/60 - 3*k**4/8 - 5*k**3/6 + 2*k**2. Let v be l(-4). Let a = v - 6. What is the units digit of a?
9
Let z = 53 + 157. What is the hundreds digit of z?
2
Let n(t) = 3*t**3 - 6*t**3 + 13 + t**3 + t + t**3 - t**2. What is the tens digit of n(0)?
1
Let v(s) = -s**3 - 10*s**2 - 9*s + 7. Let u be (2 - 2) + 3/1. Suppose 0 = u*k - 0 + 27. What is the units digit of v(k)?
7
Let k = 6 + -3. Suppose -p + k*p - 4 = 0. Suppose p*z + 4*t - 3 + 1 = 0, 5*t = 4*z - 17. What is the units digit of z?
3
Suppose -f = 4*l, 0 = f + 4*l - 2*l + 8. Let x = 29 + f. What is the tens digit of x?
1
Suppose -2*i - 2 + 4 = -3*o, 0 = 2*i - 8. Suppose -3*z = h - o, 0 = h + 2*h - z - 26. What is the units digit of h?
8
Let b(w) = w**2 - 3*w + 4. Let o(k) = k**3 + 4*k**2 + 2*k. Let n be 2/(1 + 1) - 4. Let z be o(n). What is the units digit of b(z)?
4
What is the tens digit of -3 + 3 - (-16 + 3)?
1
Suppose -3*i = -5*i - o + 479, 0 = 3*o - 15. What is the units digit of i?
7
Let z(n) = n**2 + 6*n + 1. What is the units digit of z(-9)?
8
Let l(x) = -x**2 - 15*x + 13. What is the tens digit of l(-14)?
2
Let n be (-333)/15 - 1/(-5). What is the units digit of 4*(n/(-8) - 1)?
7
Let y be (-64)/28 + (-4)/(-14). Let m be ((-4)/(-12))/(y/(-30)). Let t(x) = 4*x - 5. What is the units digit of t(m)?
5
Let n be 3*(1 + (-3)/9). Let s(i) = -2*i + 4*i + i**2 + i - 3. What is the units digit of s(n)?
7
Suppose -5*i = -8*m + 3*m + 35, 19 = m - 4*i. Let k = 0 + m. What is the units digit of k?
3
Let h(u) = u**2 + 4*u - 3. Let v be h(2). Let i = v + -4. Suppose 10 = 5*y - 0*j - 2*j, -i*y = -4*j - 10. What is the units digit of y?
2
Let q(c) = -2*c**3 - 4*c**2 - 3*c - 2. Let k = -2 - -3. Let v be (3 - k)/(0 + -1). What is the units digit of q(v)?
4
Let n(f) = -f - 10. Let m be n(-8). Let q(g) = 21*g - 7. Let l(z) = -7*z + 2. Let p(a) = 7*l(a) + 2*q(a). What is the units digit of p(m)?
4
Suppose 0 = 9*m - 13*m + 8. Suppose -i - 30 = -3*i. What is the units digit of (m/3)/(2/i)?
5
Let o be 6/9*51/(-2). Let h = -4 - o. What is the units digit of h?
3
Suppose y = -x - 0 + 1, 15 = -3*x. Let j(b) = b**2 - 5*b + 1 + b - 2*b. What is the units digit of j(y)?
1
Let a be 5 + -1 + -1 + 1. Suppose 0 = 4*b - 4*z, 0*b - 3*b + 14 = a*z. Suppose -p = b*i - 2*p - 4, 2*i - 12 = -p. What is the units digit of i?
4
Let b be (4 + 0)*1/1. Suppose 3*p = b*x + 80, 0 = 3*p - 7*p + 4*x + 104. What is the tens digit of p?
2
Let j(o) = 11*o**2 - 2. Let p(x) = x**2 + 1. Let t(n) = j(n) - 2*p(n). Let w(m) be the first derivative of t(m). What is the tens digit of w(1)?
1
Let m = 1 + 1. Suppose 0 = -3*y - 2*y - 15. What is the units digit of y/(m*6/(-8))?
2
Suppose 0 = 5*o - 21 - 74. Suppose 0 = 5*q + 25, -3*k + 2*k = 5*q + o. What is the units digit of k?
6
Let q(a) = a - 8. Let i be q(12). Suppose -u = 0, 3*b + i*u + 25 = 67. What is the tens digit of b?
1
Let y(m) = -15*m. Let f be y(-2). Suppose -3*v - 15 = -3*c, 0*c + v - 3 = -c. Suppose f = c*i + i. What is the units digit of i?
6
Let y be (0/(-5))/((-2)/2). Let t = y + 6. Suppose -4*u + u = -t. What is the units digit of u?
2
Let b(y) = 29*y**2 - y - 25. What is the units digit of b(-4)?
3
Let f be (-567)/(-12) - 1/4. Let u = f + -27. What is the units digit of u?
0
Let y = -14 - -9. Let v(p) = p + 1. Let g(h) = 4*h + 9. Let f(i) = g(i) - 5*v(i). What is the units digit of f(y)?
9
Let l be 4/(-3)*6/(-4). Suppose 4*i = 5*m + 54, -54 = -i - l*i - 3*m. What is the tens digit of i?
1
Suppose 0*s - s = 0. Suppose -1 = -y - s. Suppose -2*j - j = -4*q + 6, -2*j + y = -q. What is the units digit of q?
3
Let r(s) = -s**3 - 7*s**2 - 8*s - 7. What is the units digit of r(-7)?
9
Let o = -2 + 4. Suppose -o*n = 5*i - 29, 27 = 2*i - 3*n + 4. What is the units digit of i?
7
Let y be 24/((3 + -6)/(-3)). Let n = y + -2. What is the units digit of n?
2
Let i(x) = 2*x**2 + 3*x - 1. Let n be (-14)/(-4)*4/7. What is the units digit of i(n)?
3
Let c(q) be the third derivative of q**5/60 - 5*q**4/24 - q**3 + 4*q**2. What is the units digit of c(7)?
8
What is the tens digit of 3*3/1*2?
1
Let d(y) = -y**3 + 10*y**2 + 3*y + 9. What is the units digit of d(10)?
9
Let z = -43 - -69. Suppose 4 = 3*v - z. What is the units digit of v?
0
Let l be 1/(-4) - 29/(-4). Suppose 3*g + 256 = l*g. Suppose g = 3*u + 5*m, -m - 2*m + 42 = 2*u. What is the tens digit of u?
1
Suppose 0 = -i + 2*m - m + 31, -4*i - 5*m = -115. What is the units digit of i?
0
Suppose -g = p - 94, 47 - 490 = -5*p + 4*g. What is the tens digit of p?
9
Let f(x) = -x - 4. Let n be f(-9). Let i = n - 13. Let k = i - -11. What is the units digit of k?
3
Suppose -d = -6*d + 365. What is the units digit of d?
3
Suppose 8*h = 3*h + 100. What is the tens digit of h?
2
Let w = 350 - 140. What is the hundreds digit of w?
2
Let r(g) = 4*g**3 - 2*g + 1. Let a be r(1). Let h(s) = a*s - 5*s + 4*s - 1. What is the units digit of h(6)?
1
What is the tens digit of (-189)/(-14) - (-2)/(-4)?
1
Suppose 9*d - 330 = 4*d. What is the units digit of d?
6
What is the units digit of (-51)/(-34)*16/3?
8
Let n(s) = 14*s**2 + s - 1. What is the tens digit of n(-2)?
5
Let j(m) = 171*m + 15. What is the hundreds digit of j(2)?
3
Suppose 0*c + 3*z = 5*c + 10, 4*c = 4*z - 16. Suppose -p + c = -15. What is the units digit of p?
6
Let v(a) = a**3 + 8*a**2 - 6*a + 8. Let n(q) = -q**2 - 1. Let d(x) = 4*n(x) + v(x). Suppose 0*r - 4*r - 20 = 0. What is the units digit of d(r)?
9
Wha